{"id":1455,"date":"2022-07-27T13:57:41","date_gmt":"2022-07-27T13:57:41","guid":{"rendered":"faifaculdade.com.br\/portal\/?page_id=1455"},"modified":"2023-05-12T20:45:34","modified_gmt":"2023-05-12T20:45:34","slug":"ouvidoria","status":"publish","type":"page","link":"https:\/\/faifaculdade.com.br\/portal\/ouvidoria\/","title":{"rendered":"Ouvidoria"},"content":{"rendered":"\t\t<div data-elementor-type=\"wp-page\" data-elementor-id=\"1455\" class=\"elementor elementor-1455\">\n\t\t\t\t\t\t<section class=\"elementor-section elementor-top-section elementor-element elementor-element-1638e elementor-section-boxed elementor-section-height-default elementor-section-height-default\" data-id=\"1638e\" data-element_type=\"section\">\n\t\t\t\t\t\t<div class=\"elementor-container elementor-column-gap-default\">\n\t\t\t\t\t<div class=\"elementor-column elementor-col-100 elementor-top-column elementor-element elementor-element-49c8cfa3\" data-id=\"49c8cfa3\" data-element_type=\"column\">\n\t\t\t<div class=\"elementor-widget-wrap elementor-element-populated\">\n\t\t\t\t\t\t<div class=\"elementor-element elementor-element-2320ab4c elementor-widget elementor-widget-text-editor\" data-id=\"2320ab4c\" data-element_type=\"widget\" data-widget_type=\"text-editor.default\">\n\t\t\t\t<div class=\"elementor-widget-container\">\n\t\t\t\t\t\t\t\t\t<div class=\"pg-opt pin\"><div class=\"container\"><div class=\"row\"><div class=\"col-md-6\" style=\"text-align: justify;\"><span style=\"text-align: justify;\">Com o objetivo de estreitar a rela\u00e7\u00e3o com seus estudantes, professores, colaboradores e comunidade em geral. De forma personalizada, aut\u00f4noma e imparcial, o ouvidor recebe, analisa, investiga e encaminha sugest\u00f5es, queixas, d\u00favidas e elogios, ouvindo, literalmente tudo o que voc\u00ea tem a dizer. Fa\u00e7a a sua parte: envie sua mensagem atrav\u00e9s do nosso e-mail e a OUVIDORIA lhe retornar\u00e1 o mais breve poss\u00edvel. Com isso a FAI ficar\u00e1 sabendo o que voc\u00ea pensa e ir\u00e1 buscar, cada vez mais, com transpar\u00eancia e dinamismo, refor\u00e7ar a qualidade dos seus servi\u00e7os. A Ouvidoria tem o dever de zelar pelo compromisso \u00e9tico da Institui\u00e7\u00e3o, valorizando, sobretudo, o respeito ao ser humano.<\/span><\/div><\/div><\/div><\/div><section class=\"slice bg-3\"><div class=\"w-section inverse\"><div class=\"container\"><div class=\"row\"><div class=\"col-md-12\"><p class=\"section-title\" style=\"text-align: justify;\"><strong>\u00a0<\/strong><\/p><p class=\"section-title\" style=\"text-align: justify;\"><strong>O que faz o ouvidor?<\/strong><\/p><p style=\"text-align: justify;\">Entre as fun\u00e7\u00f5es exercidas destacam-se: Receber questionamento de alunos, professores, colaboradores e comunidade em geral sobre os diversos setores da organiza\u00e7\u00e3o, acompanhando o processo at\u00e9 a solu\u00e7\u00e3o final; Sugerir medidas que contribuam para a melhoria dos servi\u00e7os prestados; Elaborar estudos sobre a qualidade dos servi\u00e7os com o objetivo de torn\u00e1-los cada vez melhor Zelar pelo compromisso \u00e9tico da Institui\u00e7\u00e3o.<\/p><p style=\"text-align: justify;\">\u00a0<\/p><p class=\"section-title\" style=\"text-align: justify;\"><strong>O que \u00e9?<\/strong><\/p><p style=\"text-align: justify;\">O Ouvidor, tamb\u00e9m conhecido como Ombudsman, \u00e9 um profissional nomeado para coordenar um setor que recebe cr\u00edticas, sugest\u00f5es, elogios ou qualquer informa\u00e7\u00e3o relacionada \u00e0 FAI, encaminhando as observa\u00e7\u00f5es imediatamente aos setores competentes. A Ouvidoria Geral trabalha de forma personalizada, aut\u00f4noma e imparcial, estando diretamente ligada \u00e0 Reitoria.<\/p><p style=\"text-align: justify;\">\u00a0<\/p><p class=\"section-title\" style=\"text-align: justify;\"><strong>O ouvidor e os setores de atendimento<\/strong><\/p><p style=\"text-align: justify;\">S\u00e3o atividades complementares. Os setores de atendimento possuem orienta\u00e7\u00f5es e procedimentos espec\u00edficos. O Ouvidor tem fun\u00e7\u00e3o mais personalizada. Ele atende \u00e0s particularidades de estudantes, professores, funcion\u00e1rios e comunidade em geral. Acompanhando o encaminhamento das quest\u00f5es at\u00e9 a solu\u00e7\u00e3o final.<\/p><h3 style=\"text-align: justify;\">\u00a0<\/h3><p class=\"section-title\" style=\"text-align: justify;\"><strong>Quais os benef\u00edcios?<\/strong><\/p><p style=\"text-align: justify;\">Docentes, discentes, colaboradores, entre outros, ter\u00e3o mais um canal para se manifestar, com a garantia de autonomia, credibilidade, agilidade e, principalmente, imparcialidade por parte do Ouvidor. Quanto a Faculdade, haver\u00e1 o fortalecimento de sua imagem institucional, com o estabelecimento de uma rela\u00e7\u00e3o de trabalho transparente e a garantia da qualidade do atendimento.<\/p><p style=\"text-align: justify;\">\u00a0<\/p><p class=\"section-title\" style=\"text-align: justify;\"><strong>Onde encontr\u00e1-lo?<\/strong><\/p><p style=\"text-align: justify;\">A OUVIDORIA GERAL FAI fica na Rua Rio Igua\u00e7u 397, Irec\u00ea &#8211; Bahia<\/p><p style=\"text-align: justify;\">\u00a0<\/p><p class=\"section-title\" style=\"text-align: justify;\"><strong>Como entrar em contato<\/strong><\/p><p style=\"text-align: justify;\">\u00c9 muito simples. Os interessados podem se manifestar atrav\u00e9s do telefone, pessoalmente, ou por nosso formul\u00e1rio abaixo:<\/p><\/div><p style=\"text-align: justify;\">\n<div class=\"wpcf7 no-js\" id=\"wpcf7-f1456-o1\" lang=\"pt-BR\" dir=\"ltr\" data-wpcf7-id=\"1456\">\n<div class=\"screen-reader-response\"><p role=\"status\" aria-live=\"polite\" aria-atomic=\"true\"><\/p> <ul><\/ul><\/div>\n<form action=\"\/portal\/wp-json\/wp\/v2\/pages\/1455#wpcf7-f1456-o1\" method=\"post\" class=\"wpcf7-form init\" aria-label=\"Formul\u00e1rios de contato\" novalidate=\"novalidate\" data-status=\"init\">\n<fieldset class=\"hidden-fields-container\"><input type=\"hidden\" name=\"_wpcf7\" value=\"1456\" \/><input type=\"hidden\" name=\"_wpcf7_version\" value=\"6.1\" \/><input type=\"hidden\" name=\"_wpcf7_locale\" value=\"pt_BR\" \/><input type=\"hidden\" name=\"_wpcf7_unit_tag\" value=\"wpcf7-f1456-o1\" \/><input type=\"hidden\" name=\"_wpcf7_container_post\" value=\"0\" \/><input type=\"hidden\" name=\"_wpcf7_posted_data_hash\" value=\"\" \/>\n<\/fieldset>\n<div class=\"nomeform\">\n\t<p><label>Nome<br \/>\n<span class=\"wpcf7-form-control-wrap\" data-name=\"nome\"><input size=\"40\" maxlength=\"400\" class=\"wpcf7-form-control wpcf7-text wpcf7-validates-as-required\" aria-required=\"true\" aria-invalid=\"false\" placeholder=\"Digite seu nome completo\" value=\"\" type=\"text\" name=\"nome\" \/><\/span><\/label>\n\t<\/p>\n<\/div>\n<div class=\"emailform\">\n\t<p><label>E-mail <span class=\"wpcf7-form-control-wrap\" data-name=\"email\"><input size=\"40\" maxlength=\"400\" class=\"wpcf7-form-control wpcf7-email wpcf7-validates-as-required wpcf7-text wpcf7-validates-as-email\" aria-required=\"true\" aria-invalid=\"false\" value=\"\" type=\"email\" name=\"email\" \/><\/span><\/label>\n\t<\/p>\n<\/div>\n<div>\n\t<div class=\"telform\">\n\t\t<p><label>Telefone\/WhatsApp <span class=\"wpcf7-form-control-wrap\" data-name=\"telefone\"><input size=\"40\" maxlength=\"400\" class=\"wpcf7-form-control wpcf7-text wpcf7-validates-as-required\" aria-required=\"true\" aria-invalid=\"false\" value=\"\" type=\"text\" name=\"telefone\" \/><\/span><\/label>\n\t\t<\/p>\n\t<\/div>\n\t<div class=\"msgform\">\n\t\t<p><label>Mensagem <span class=\"wpcf7-form-control-wrap\" data-name=\"Mensagem\"><textarea cols=\"40\" rows=\"10\" maxlength=\"2000\" class=\"wpcf7-form-control wpcf7-textarea wpcf7-validates-as-required\" aria-required=\"true\" aria-invalid=\"false\" name=\"Mensagem\"><\/textarea><\/span><\/label><br \/>\n<input class=\"wpcf7-form-control wpcf7-submit has-spinner\" type=\"submit\" value=\"Enviar\" \/>\n\t\t<\/p>\n\t<\/div>\n<\/div><div class=\"wpcf7-response-output\" aria-hidden=\"true\"><\/div>\n<\/form>\n<\/div>\n<\/p><\/div><\/div><\/div><\/section>\t\t\t\t\t\t\t\t<\/div>\n\t\t\t\t<\/div>\n\t\t\t\t\t<\/div>\n\t\t<\/div>\n\t\t\t\t\t<\/div>\n\t\t<\/section>\n\t\t\t\t<\/div>\n\t\t","protected":false},"excerpt":{"rendered":"<p>Com o objetivo de estreitar a rela\u00e7\u00e3o com seus estudantes, professores, colaboradores e comunidade em geral. De forma personalizada, aut\u00f4noma<\/p>\n","protected":false},"author":1,"featured_media":0,"parent":0,"menu_order":0,"comment_status":"closed","ping_status":"closed","template":"","meta":{"_editorskit_title_hidden":false,"_editorskit_reading_time":0,"_editorskit_is_block_options_detached":false,"_editorskit_block_options_position":"{}","footnotes":""},"class_list":["post-1455","page","type-page","status-publish","hentry"],"yoast_head":"<!-- This site is optimized with the Yoast SEO plugin v25.3 - https:\/\/yoast.com\/wordpress\/plugins\/seo\/ -->\n<title>Ouvidoria - FAI - Faculdade Irec\u00ea<\/title>\n<meta name=\"robots\" content=\"index, follow, max-snippet:-1, max-image-preview:large, max-video-preview:-1\" \/>\n<link rel=\"canonical\" href=\"https:\/\/faifaculdade.com.br\/portal\/ouvidoria\/\" \/>\n<meta property=\"og:locale\" content=\"pt_BR\" \/>\n<meta property=\"og:type\" content=\"article\" \/>\n<meta property=\"og:title\" content=\"Ouvidoria - FAI - Faculdade Irec\u00ea\" \/>\n<meta property=\"og:description\" content=\"Com o objetivo de estreitar a rela\u00e7\u00e3o com seus estudantes, professores, colaboradores e comunidade em geral. De forma personalizada, aut\u00f4noma\" \/>\n<meta property=\"og:url\" content=\"https:\/\/faifaculdade.com.br\/portal\/ouvidoria\/\" \/>\n<meta property=\"og:site_name\" content=\"FAI - Faculdade Irec\u00ea\" \/>\n<meta property=\"article:publisher\" content=\"https:\/\/www.facebook.com\/faifaculdade\" \/>\n<meta property=\"article:modified_time\" content=\"2023-05-12T20:45:34+00:00\" \/>\n<meta name=\"twitter:card\" content=\"summary_large_image\" \/>\n<meta name=\"twitter:label1\" content=\"Est. tempo de leitura\" \/>\n\t<meta name=\"twitter:data1\" content=\"2 minutos\" \/>\n<script type=\"application\/ld+json\" class=\"yoast-schema-graph\">{\"@context\":\"https:\/\/schema.org\",\"@graph\":[{\"@type\":\"WebPage\",\"@id\":\"https:\/\/faifaculdade.com.br\/portal\/ouvidoria\/\",\"url\":\"https:\/\/faifaculdade.com.br\/portal\/ouvidoria\/\",\"name\":\"Ouvidoria - FAI - Faculdade Irec\u00ea\",\"isPartOf\":{\"@id\":\"https:\/\/faifaculdade.com.br\/portal\/#website\"},\"datePublished\":\"2022-07-27T13:57:41+00:00\",\"dateModified\":\"2023-05-12T20:45:34+00:00\",\"breadcrumb\":{\"@id\":\"https:\/\/faifaculdade.com.br\/portal\/ouvidoria\/#breadcrumb\"},\"inLanguage\":\"pt-BR\",\"potentialAction\":[{\"@type\":\"ReadAction\",\"target\":[\"https:\/\/faifaculdade.com.br\/portal\/ouvidoria\/\"]}]},{\"@type\":\"BreadcrumbList\",\"@id\":\"https:\/\/faifaculdade.com.br\/portal\/ouvidoria\/#breadcrumb\",\"itemListElement\":[{\"@type\":\"ListItem\",\"position\":1,\"name\":\"In\u00edcio\",\"item\":\"https:\/\/faifaculdade.com.br\/portal\/\"},{\"@type\":\"ListItem\",\"position\":2,\"name\":\"Ouvidoria\"}]},{\"@type\":\"WebSite\",\"@id\":\"https:\/\/faifaculdade.com.br\/portal\/#website\",\"url\":\"https:\/\/faifaculdade.com.br\/portal\/\",\"name\":\"FAI - Faculdade Irec\u00ea\",\"description\":\"Portal da Faculdade Irec\u00ea\",\"publisher\":{\"@id\":\"https:\/\/faifaculdade.com.br\/portal\/#organization\"},\"potentialAction\":[{\"@type\":\"SearchAction\",\"target\":{\"@type\":\"EntryPoint\",\"urlTemplate\":\"https:\/\/faifaculdade.com.br\/portal\/?s={search_term_string}\"},\"query-input\":{\"@type\":\"PropertyValueSpecification\",\"valueRequired\":true,\"valueName\":\"search_term_string\"}}],\"inLanguage\":\"pt-BR\"},{\"@type\":\"Organization\",\"@id\":\"https:\/\/faifaculdade.com.br\/portal\/#organization\",\"name\":\"FAI - Faculdade Irec\u00ea\",\"url\":\"https:\/\/faifaculdade.com.br\/portal\/\",\"logo\":{\"@type\":\"ImageObject\",\"inLanguage\":\"pt-BR\",\"@id\":\"https:\/\/faifaculdade.com.br\/portal\/#\/schema\/logo\/image\/\",\"url\":\"https:\/\/faifaculdade.com.br\/portal\/wp-content\/uploads\/2023\/04\/cropped-FAI.png\",\"contentUrl\":\"https:\/\/faifaculdade.com.br\/portal\/wp-content\/uploads\/2023\/04\/cropped-FAI.png\",\"width\":3000,\"height\":1201,\"caption\":\"FAI - Faculdade Irec\u00ea\"},\"image\":{\"@id\":\"https:\/\/faifaculdade.com.br\/portal\/#\/schema\/logo\/image\/\"},\"sameAs\":[\"https:\/\/www.facebook.com\/faifaculdade\",\"https:\/\/www.instagram.com\/faifaculdade\/\"]}]}<\/script>\n<!-- \/ Yoast SEO plugin. -->","yoast_head_json":{"title":"Ouvidoria - FAI - Faculdade Irec\u00ea","robots":{"index":"index","follow":"follow","max-snippet":"max-snippet:-1","max-image-preview":"max-image-preview:large","max-video-preview":"max-video-preview:-1"},"canonical":"https:\/\/faifaculdade.com.br\/portal\/ouvidoria\/","og_locale":"pt_BR","og_type":"article","og_title":"Ouvidoria - FAI - Faculdade Irec\u00ea","og_description":"Com o objetivo de estreitar a rela\u00e7\u00e3o com seus estudantes, professores, colaboradores e comunidade em geral. De forma personalizada, aut\u00f4noma","og_url":"https:\/\/faifaculdade.com.br\/portal\/ouvidoria\/","og_site_name":"FAI - Faculdade Irec\u00ea","article_publisher":"https:\/\/www.facebook.com\/faifaculdade","article_modified_time":"2023-05-12T20:45:34+00:00","twitter_card":"summary_large_image","twitter_misc":{"Est. tempo de leitura":"2 minutos"},"schema":{"@context":"https:\/\/schema.org","@graph":[{"@type":"WebPage","@id":"https:\/\/faifaculdade.com.br\/portal\/ouvidoria\/","url":"https:\/\/faifaculdade.com.br\/portal\/ouvidoria\/","name":"Ouvidoria - FAI - Faculdade Irec\u00ea","isPartOf":{"@id":"https:\/\/faifaculdade.com.br\/portal\/#website"},"datePublished":"2022-07-27T13:57:41+00:00","dateModified":"2023-05-12T20:45:34+00:00","breadcrumb":{"@id":"https:\/\/faifaculdade.com.br\/portal\/ouvidoria\/#breadcrumb"},"inLanguage":"pt-BR","potentialAction":[{"@type":"ReadAction","target":["https:\/\/faifaculdade.com.br\/portal\/ouvidoria\/"]}]},{"@type":"BreadcrumbList","@id":"https:\/\/faifaculdade.com.br\/portal\/ouvidoria\/#breadcrumb","itemListElement":[{"@type":"ListItem","position":1,"name":"In\u00edcio","item":"https:\/\/faifaculdade.com.br\/portal\/"},{"@type":"ListItem","position":2,"name":"Ouvidoria"}]},{"@type":"WebSite","@id":"https:\/\/faifaculdade.com.br\/portal\/#website","url":"https:\/\/faifaculdade.com.br\/portal\/","name":"FAI - Faculdade Irec\u00ea","description":"Portal da Faculdade Irec\u00ea","publisher":{"@id":"https:\/\/faifaculdade.com.br\/portal\/#organization"},"potentialAction":[{"@type":"SearchAction","target":{"@type":"EntryPoint","urlTemplate":"https:\/\/faifaculdade.com.br\/portal\/?s={search_term_string}"},"query-input":{"@type":"PropertyValueSpecification","valueRequired":true,"valueName":"search_term_string"}}],"inLanguage":"pt-BR"},{"@type":"Organization","@id":"https:\/\/faifaculdade.com.br\/portal\/#organization","name":"FAI - Faculdade Irec\u00ea","url":"https:\/\/faifaculdade.com.br\/portal\/","logo":{"@type":"ImageObject","inLanguage":"pt-BR","@id":"https:\/\/faifaculdade.com.br\/portal\/#\/schema\/logo\/image\/","url":"https:\/\/faifaculdade.com.br\/portal\/wp-content\/uploads\/2023\/04\/cropped-FAI.png","contentUrl":"https:\/\/faifaculdade.com.br\/portal\/wp-content\/uploads\/2023\/04\/cropped-FAI.png","width":3000,"height":1201,"caption":"FAI - Faculdade Irec\u00ea"},"image":{"@id":"https:\/\/faifaculdade.com.br\/portal\/#\/schema\/logo\/image\/"},"sameAs":["https:\/\/www.facebook.com\/faifaculdade","https:\/\/www.instagram.com\/faifaculdade\/"]}]}},"_links":{"self":[{"href":"https:\/\/faifaculdade.com.br\/portal\/wp-json\/wp\/v2\/pages\/1455","targetHints":{"allow":["GET"]}}],"collection":[{"href":"https:\/\/faifaculdade.com.br\/portal\/wp-json\/wp\/v2\/pages"}],"about":[{"href":"https:\/\/faifaculdade.com.br\/portal\/wp-json\/wp\/v2\/types\/page"}],"author":[{"embeddable":true,"href":"https:\/\/faifaculdade.com.br\/portal\/wp-json\/wp\/v2\/users\/1"}],"replies":[{"embeddable":true,"href":"https:\/\/faifaculdade.com.br\/portal\/wp-json\/wp\/v2\/comments?post=1455"}],"version-history":[{"count":8,"href":"https:\/\/faifaculdade.com.br\/portal\/wp-json\/wp\/v2\/pages\/1455\/revisions"}],"predecessor-version":[{"id":4623,"href":"https:\/\/faifaculdade.com.br\/portal\/wp-json\/wp\/v2\/pages\/1455\/revisions\/4623"}],"wp:attachment":[{"href":"https:\/\/faifaculdade.com.br\/portal\/wp-json\/wp\/v2\/media?parent=1455"}],"curies":[{"name":"wp","href":"https:\/\/api.w.org\/{rel}","templated":true}]}}