{"id":2507,"date":"2023-05-12T13:31:49","date_gmt":"2023-05-12T13:31:49","guid":{"rendered":"faifaculdade.com.br\/portal\/?page_id=2507"},"modified":"2023-05-12T14:32:15","modified_gmt":"2023-05-12T14:32:15","slug":"clinica-escola-de-nutricao","status":"publish","type":"page","link":"https:\/\/faifaculdade.com.br\/portal\/clinica-escola-de-nutricao\/","title":{"rendered":"Cl\u00ednica Escola de Nutri\u00e7\u00e3o"},"content":{"rendered":"\t\t<div data-elementor-type=\"wp-page\" data-elementor-id=\"2507\" class=\"elementor elementor-2507\">\n\t\t\t\t\t\t<section class=\"elementor-section elementor-top-section elementor-element elementor-element-1f8811cd elementor-section-boxed elementor-section-height-default elementor-section-height-default\" data-id=\"1f8811cd\" data-element_type=\"section\" data-e-type=\"section\">\n\t\t\t\t\t\t<div class=\"elementor-container elementor-column-gap-default\">\n\t\t\t\t\t<div class=\"elementor-column elementor-col-100 elementor-top-column elementor-element elementor-element-393508c\" data-id=\"393508c\" data-element_type=\"column\" data-e-type=\"column\">\n\t\t\t<div class=\"elementor-widget-wrap elementor-element-populated\">\n\t\t\t\t\t\t<div class=\"elementor-element elementor-element-67f3aa1d elementor-widget elementor-widget-text-editor\" data-id=\"67f3aa1d\" data-element_type=\"widget\" data-e-type=\"widget\" data-widget_type=\"text-editor.default\">\n\t\t\t\t<div class=\"elementor-widget-container\">\n\t\t\t\t\t\t\t\t\t<p><\/p>\n<h1 style=\"margin: 0cm 0cm 8pt; line-height: 15.6933px; font-size: 11pt; font-family: Calibri, sans-serif; color: #000000; font-style: normal; font-variant-ligatures: normal; font-variant-caps: normal; font-weight: 400; text-align: justify;\"><strong><span style=\"color: #7a7a7a; font-family: 'Open Sans', serif; font-size: 16px; font-style: normal; font-variant-ligatures: normal; font-variant-caps: normal; text-align: start;\">Cl\u00ednica-Escola de Nutri\u00e7\u00e3o<\/span><\/strong><\/h1>\n<p style=\"text-align: justify;\">A Cl\u00ednica-Escola de Nutri\u00e7\u00e3o da FAI tem por objetivo realizar atendimento nutricional \u00e0 comunidade externa e a colaboradores da institui\u00e7\u00e3o, com foco na promo\u00e7\u00e3o da alimenta\u00e7\u00e3o adequada e saud\u00e1vel para crian\u00e7as, adolescentes, adultos, idosos, gestantes, nutrizes, atletas e a indiv\u00edduos em diversas condi\u00e7\u00f5es patol\u00f3gicas, como obesidade, hipertens\u00e3o arterial sist\u00eamica, diabetes mellitus, dislipidemias, s\u00edndrome metab\u00f3lica e intoler\u00e2ncias\/alergias alimentares, entre outras.<\/p>\n<p style=\"text-align: justify;\">O atendimento nutricional prev\u00ea avalia\u00e7\u00e3o nutricional com a utiliza\u00e7\u00e3o de diversos m\u00e9todos (antropom\u00e9trico, diet\u00e9tico, laboratorial e bioimped\u00e2ncia el\u00e9trica) para diagn\u00f3stico nutricional, que \u00e9 subs\u00eddio para o planejamento diet\u00e9tico e aconselhamento nutricional adequado \u00e0s necessidades individuais.<\/p>\n<p style=\"text-align: justify;\">A Cl\u00ednica-Escola de Nutri\u00e7\u00e3o da FAI tem por objetivo realizar atendimento nutricional \u00e0 comunidade externa e a colaboradores da institui\u00e7\u00e3o, com foco na promo\u00e7\u00e3o da alimenta\u00e7\u00e3o adequada e saud\u00e1vel para crian\u00e7as, adolescentes, adultos, idosos, gestantes, nutrizes, atletas e a indiv\u00edduos em diversas condi\u00e7\u00f5es patol\u00f3gicas, como obesidade, hipertens\u00e3o arterial sist\u00eamica, diabetes mellitus, dislipidemias, s\u00edndrome metab\u00f3lica e intoler\u00e2ncias\/alergias alimentares, entre outras.<\/p>\n<p style=\"text-align: justify;\"><\/p>\n<p style=\"text-align: justify;\"><\/p>\n<p style=\"text-align: justify;\">O atendimento nutricional prev\u00ea avalia\u00e7\u00e3o nutricional com a utiliza\u00e7\u00e3o de diversos m\u00e9todos (antropom\u00e9trico, diet\u00e9tico, laboratorial e bioimped\u00e2ncia el\u00e9trica) para diagn\u00f3stico nutricional, que \u00e9 subs\u00eddio para o planejamento diet\u00e9tico e aconselhamento nutricional adequado \u00e0s necessidades individuais.<\/p>\n<p><\/p>\t\t\t\t\t\t\t\t<\/div>\n\t\t\t\t<\/div>\n\t\t\t\t\t<\/div>\n\t\t<\/div>\n\t\t\t\t\t<\/div>\n\t\t<\/section>\n\t\t\t\t<\/div>\n\t\t","protected":false},"excerpt":{"rendered":"<p>Cl\u00ednica-Escola de Nutri\u00e7\u00e3o A Cl\u00ednica-Escola de Nutri\u00e7\u00e3o da FAI tem por objetivo realizar atendimento nutricional \u00e0 comunidade externa e a<\/p>\n","protected":false},"author":1,"featured_media":0,"parent":0,"menu_order":0,"comment_status":"closed","ping_status":"closed","template":"","meta":{"_editorskit_title_hidden":false,"_editorskit_reading_time":0,"_editorskit_is_block_options_detached":false,"_editorskit_block_options_position":"{}","footnotes":""},"class_list":["post-2507","page","type-page","status-publish","hentry"],"yoast_head":"<!-- This site is optimized with the Yoast SEO plugin v27.5 - https:\/\/yoast.com\/product\/yoast-seo-wordpress\/ -->\n<title>Cl\u00ednica Escola de Nutri\u00e7\u00e3o - FAI - Faculdade Irec\u00ea<\/title>\n<meta name=\"robots\" content=\"index, follow, max-snippet:-1, max-image-preview:large, max-video-preview:-1\" \/>\n<link rel=\"canonical\" href=\"https:\/\/faifaculdade.com.br\/portal\/clinica-escola-de-nutricao\/\" \/>\n<meta property=\"og:locale\" content=\"pt_BR\" \/>\n<meta property=\"og:type\" content=\"article\" \/>\n<meta property=\"og:title\" content=\"Cl\u00ednica Escola de Nutri\u00e7\u00e3o - FAI - Faculdade Irec\u00ea\" \/>\n<meta property=\"og:description\" content=\"Cl\u00ednica-Escola de Nutri\u00e7\u00e3o A Cl\u00ednica-Escola de Nutri\u00e7\u00e3o da FAI tem por objetivo realizar atendimento nutricional \u00e0 comunidade externa e a\" \/>\n<meta property=\"og:url\" content=\"https:\/\/faifaculdade.com.br\/portal\/clinica-escola-de-nutricao\/\" \/>\n<meta property=\"og:site_name\" content=\"FAI - Faculdade Irec\u00ea\" \/>\n<meta property=\"article:publisher\" content=\"https:\/\/www.facebook.com\/faifaculdade\" \/>\n<meta property=\"article:modified_time\" content=\"2023-05-12T14:32:15+00:00\" \/>\n<meta name=\"twitter:card\" content=\"summary_large_image\" \/>\n<meta name=\"twitter:label1\" content=\"Est. tempo de leitura\" \/>\n\t<meta name=\"twitter:data1\" content=\"1 minuto\" \/>\n<script type=\"application\/ld+json\" class=\"yoast-schema-graph\">{\"@context\":\"https:\\\/\\\/schema.org\",\"@graph\":[{\"@type\":\"WebPage\",\"@id\":\"https:\\\/\\\/faifaculdade.com.br\\\/portal\\\/clinica-escola-de-nutricao\\\/\",\"url\":\"https:\\\/\\\/faifaculdade.com.br\\\/portal\\\/clinica-escola-de-nutricao\\\/\",\"name\":\"Cl\u00ednica Escola de Nutri\u00e7\u00e3o - FAI - Faculdade Irec\u00ea\",\"isPartOf\":{\"@id\":\"https:\\\/\\\/faifaculdade.com.br\\\/portal\\\/#website\"},\"datePublished\":\"2023-05-12T13:31:49+00:00\",\"dateModified\":\"2023-05-12T14:32:15+00:00\",\"breadcrumb\":{\"@id\":\"https:\\\/\\\/faifaculdade.com.br\\\/portal\\\/clinica-escola-de-nutricao\\\/#breadcrumb\"},\"inLanguage\":\"pt-BR\",\"potentialAction\":[{\"@type\":\"ReadAction\",\"target\":[\"https:\\\/\\\/faifaculdade.com.br\\\/portal\\\/clinica-escola-de-nutricao\\\/\"]}]},{\"@type\":\"BreadcrumbList\",\"@id\":\"https:\\\/\\\/faifaculdade.com.br\\\/portal\\\/clinica-escola-de-nutricao\\\/#breadcrumb\",\"itemListElement\":[{\"@type\":\"ListItem\",\"position\":1,\"name\":\"In\u00edcio\",\"item\":\"https:\\\/\\\/faifaculdade.com.br\\\/portal\\\/\"},{\"@type\":\"ListItem\",\"position\":2,\"name\":\"Cl\u00ednica Escola de Nutri\u00e7\u00e3o\"}]},{\"@type\":\"WebSite\",\"@id\":\"https:\\\/\\\/faifaculdade.com.br\\\/portal\\\/#website\",\"url\":\"https:\\\/\\\/faifaculdade.com.br\\\/portal\\\/\",\"name\":\"FAI - Faculdade Irec\u00ea\",\"description\":\"Portal da Faculdade Irec\u00ea\",\"publisher\":{\"@id\":\"https:\\\/\\\/faifaculdade.com.br\\\/portal\\\/#organization\"},\"potentialAction\":[{\"@type\":\"SearchAction\",\"target\":{\"@type\":\"EntryPoint\",\"urlTemplate\":\"https:\\\/\\\/faifaculdade.com.br\\\/portal\\\/?s={search_term_string}\"},\"query-input\":{\"@type\":\"PropertyValueSpecification\",\"valueRequired\":true,\"valueName\":\"search_term_string\"}}],\"inLanguage\":\"pt-BR\"},{\"@type\":\"Organization\",\"@id\":\"https:\\\/\\\/faifaculdade.com.br\\\/portal\\\/#organization\",\"name\":\"FAI - Faculdade Irec\u00ea\",\"url\":\"https:\\\/\\\/faifaculdade.com.br\\\/portal\\\/\",\"logo\":{\"@type\":\"ImageObject\",\"inLanguage\":\"pt-BR\",\"@id\":\"https:\\\/\\\/faifaculdade.com.br\\\/portal\\\/#\\\/schema\\\/logo\\\/image\\\/\",\"url\":\"https:\\\/\\\/faifaculdade.com.br\\\/portal\\\/wp-content\\\/uploads\\\/2023\\\/04\\\/cropped-FAI.png\",\"contentUrl\":\"https:\\\/\\\/faifaculdade.com.br\\\/portal\\\/wp-content\\\/uploads\\\/2023\\\/04\\\/cropped-FAI.png\",\"width\":3000,\"height\":1201,\"caption\":\"FAI - Faculdade Irec\u00ea\"},\"image\":{\"@id\":\"https:\\\/\\\/faifaculdade.com.br\\\/portal\\\/#\\\/schema\\\/logo\\\/image\\\/\"},\"sameAs\":[\"https:\\\/\\\/www.facebook.com\\\/faifaculdade\",\"https:\\\/\\\/www.instagram.com\\\/faifaculdade\\\/\"]}]}<\/script>\n<!-- \/ Yoast SEO plugin. -->","yoast_head_json":{"title":"Cl\u00ednica Escola de Nutri\u00e7\u00e3o - FAI - Faculdade Irec\u00ea","robots":{"index":"index","follow":"follow","max-snippet":"max-snippet:-1","max-image-preview":"max-image-preview:large","max-video-preview":"max-video-preview:-1"},"canonical":"https:\/\/faifaculdade.com.br\/portal\/clinica-escola-de-nutricao\/","og_locale":"pt_BR","og_type":"article","og_title":"Cl\u00ednica Escola de Nutri\u00e7\u00e3o - FAI - Faculdade Irec\u00ea","og_description":"Cl\u00ednica-Escola de Nutri\u00e7\u00e3o A Cl\u00ednica-Escola de Nutri\u00e7\u00e3o da FAI tem por objetivo realizar atendimento nutricional \u00e0 comunidade externa e a","og_url":"https:\/\/faifaculdade.com.br\/portal\/clinica-escola-de-nutricao\/","og_site_name":"FAI - Faculdade Irec\u00ea","article_publisher":"https:\/\/www.facebook.com\/faifaculdade","article_modified_time":"2023-05-12T14:32:15+00:00","twitter_card":"summary_large_image","twitter_misc":{"Est. tempo de leitura":"1 minuto"},"schema":{"@context":"https:\/\/schema.org","@graph":[{"@type":"WebPage","@id":"https:\/\/faifaculdade.com.br\/portal\/clinica-escola-de-nutricao\/","url":"https:\/\/faifaculdade.com.br\/portal\/clinica-escola-de-nutricao\/","name":"Cl\u00ednica Escola de Nutri\u00e7\u00e3o - FAI - Faculdade Irec\u00ea","isPartOf":{"@id":"https:\/\/faifaculdade.com.br\/portal\/#website"},"datePublished":"2023-05-12T13:31:49+00:00","dateModified":"2023-05-12T14:32:15+00:00","breadcrumb":{"@id":"https:\/\/faifaculdade.com.br\/portal\/clinica-escola-de-nutricao\/#breadcrumb"},"inLanguage":"pt-BR","potentialAction":[{"@type":"ReadAction","target":["https:\/\/faifaculdade.com.br\/portal\/clinica-escola-de-nutricao\/"]}]},{"@type":"BreadcrumbList","@id":"https:\/\/faifaculdade.com.br\/portal\/clinica-escola-de-nutricao\/#breadcrumb","itemListElement":[{"@type":"ListItem","position":1,"name":"In\u00edcio","item":"https:\/\/faifaculdade.com.br\/portal\/"},{"@type":"ListItem","position":2,"name":"Cl\u00ednica Escola de Nutri\u00e7\u00e3o"}]},{"@type":"WebSite","@id":"https:\/\/faifaculdade.com.br\/portal\/#website","url":"https:\/\/faifaculdade.com.br\/portal\/","name":"FAI - Faculdade Irec\u00ea","description":"Portal da Faculdade Irec\u00ea","publisher":{"@id":"https:\/\/faifaculdade.com.br\/portal\/#organization"},"potentialAction":[{"@type":"SearchAction","target":{"@type":"EntryPoint","urlTemplate":"https:\/\/faifaculdade.com.br\/portal\/?s={search_term_string}"},"query-input":{"@type":"PropertyValueSpecification","valueRequired":true,"valueName":"search_term_string"}}],"inLanguage":"pt-BR"},{"@type":"Organization","@id":"https:\/\/faifaculdade.com.br\/portal\/#organization","name":"FAI - Faculdade Irec\u00ea","url":"https:\/\/faifaculdade.com.br\/portal\/","logo":{"@type":"ImageObject","inLanguage":"pt-BR","@id":"https:\/\/faifaculdade.com.br\/portal\/#\/schema\/logo\/image\/","url":"https:\/\/faifaculdade.com.br\/portal\/wp-content\/uploads\/2023\/04\/cropped-FAI.png","contentUrl":"https:\/\/faifaculdade.com.br\/portal\/wp-content\/uploads\/2023\/04\/cropped-FAI.png","width":3000,"height":1201,"caption":"FAI - Faculdade Irec\u00ea"},"image":{"@id":"https:\/\/faifaculdade.com.br\/portal\/#\/schema\/logo\/image\/"},"sameAs":["https:\/\/www.facebook.com\/faifaculdade","https:\/\/www.instagram.com\/faifaculdade\/"]}]}},"_links":{"self":[{"href":"https:\/\/faifaculdade.com.br\/portal\/wp-json\/wp\/v2\/pages\/2507","targetHints":{"allow":["GET"]}}],"collection":[{"href":"https:\/\/faifaculdade.com.br\/portal\/wp-json\/wp\/v2\/pages"}],"about":[{"href":"https:\/\/faifaculdade.com.br\/portal\/wp-json\/wp\/v2\/types\/page"}],"author":[{"embeddable":true,"href":"https:\/\/faifaculdade.com.br\/portal\/wp-json\/wp\/v2\/users\/1"}],"replies":[{"embeddable":true,"href":"https:\/\/faifaculdade.com.br\/portal\/wp-json\/wp\/v2\/comments?post=2507"}],"version-history":[{"count":26,"href":"https:\/\/faifaculdade.com.br\/portal\/wp-json\/wp\/v2\/pages\/2507\/revisions"}],"predecessor-version":[{"id":2574,"href":"https:\/\/faifaculdade.com.br\/portal\/wp-json\/wp\/v2\/pages\/2507\/revisions\/2574"}],"wp:attachment":[{"href":"https:\/\/faifaculdade.com.br\/portal\/wp-json\/wp\/v2\/media?parent=2507"}],"curies":[{"name":"wp","href":"https:\/\/api.w.org\/{rel}","templated":true}]}}